s = -3819 + 2371. List the prime factors of 2/3 - s/24.
61
Let a(k) = -k**2 - 6*k + 11. Let w be a(-5). Let g be (-1)/((-1)/(10/2)). Suppose -c - w = -5*c, 117 = g*x + 3*c. What are the prime factors of x?
3, 7
Let v be (-4)/(-1) - (6 + -5). Suppose 4*o - 191 = -v*p, -p = o - 0*p - 49. Suppose -2*n + 80 = 4*m, n - m + 5*m = o. List the prime factors of n.
2, 3
Let f = -228 - -800. What are the prime factors of f?
2, 11, 13
Let z = 6816 - 4819. What are the prime factors of z?
1997
Let s be -1 - (27/(-3) + 3). Suppose -4*k + 8*t + 16 = 5*t, s = 3*k - 4*t. List the prime factors of k.
7
Suppose -4*x + 5 + 11 = 0. Let l be ((-2)/x)/(15/(-90)). Suppose 0 = -4*t - 16, -2*t - 86 = -5*d + l*d. What are the prime factors of d?
3, 13
Suppose -5*t - 5*s = -2440, t = 4*t - 2*s - 1469. What are the prime factors of t?
3, 163
Suppose -c - 12 = -2. Let f be ((-6)/8)/(c/(-40)). List the prime factors of 6 + (-6)/(-9)*f.
2
Let o be 2/4*(11 + -1). Suppose 2*t - c + 13 = 0, -3*t - 4*c - 26 = 2*t. What are the prime factors of 6 + (2 - o) - t?
3
Suppose -4 = 3*s + 5*n, -4 = -2*s - 5*n - 0*n. Let k(t) be the second derivative of -t**3/6 + 9*t**2/2 + 20*t. List the prime factors of k(s).
17
Let o(l) = -l**2 + 5. Let h be o(2). Let a = h - 4. What are the prime factors of (17/a)/((-1)/6)?
2, 17
Let d = -874 - -1043. What are the prime factors of d?
13
Let k = -8 - -47. Suppose 3 = -3*h + k. Suppose -u = 1, 2*u = -w + 3*u + h. List the prime factors of w.
11
Suppose 7 = 4*t - 17. Suppose 0*w - t*w = -18. Suppose -3*x + 170 = 4*q - 2*x, -w*q = -4*x - 137. List the prime factors of q.
43
Let i(s) = 2*s - 22. Let q be i(7). List the prime factors of (q/(-6) + -2)*(-132)/8.
11
Suppose 0 = -4*y - 12, 4*y = p + 4*p - 4387. Suppose 3*c = -4*c + p. What are the prime factors of c?
5
Let k = 13 + -4. Let q be -15 + 13 - 6/(2 + -3). Suppose -q*x - 40 = -k*x. What are the prime factors of x?
2
Let q = 124 - 111. List the prime factors of q.
13
Suppose 74 + 237 = 3*v + 2*q, 0 = 3*v + q - 316. Suppose 5*u - 437 = -v. What are the prime factors of u?
2, 3, 11
Let c = 2 - 1. Let p(b) = 3*b**2 - 2 - c - 1 + 2. List the prime factors of p(-3).
5
Let a(x) = 3 + 2 - 42*x + 51*x + 16*x. Suppose 3*d = 3*y - 3, -11 = -0*d - d - 3*y. List the prime factors of a(d).
5, 11
Suppose -14 = -11*z + 4*z. Suppose -176 = -a - t, -z*a + 5*t + 54 = -319. List the prime factors of a.
179
Let j be (-15)/(-2) + (-1)/(-2). Suppose 0 = -n - n + j. What are the prime factors of (-392)/(-16) + 6/n?
2, 13
Let s = 59 + 86. What are the prime factors of s?
5, 29
Let j(l) = 4*l - 9*l - 2 + l**2 + l. Let s be j(5). Suppose -s*m + a + 18 = -47, -4*m - 3*a = -78. What are the prime factors of m?
3, 7
Suppose 0 = -13*n + 12*n. Suppose n = r + 55 - 171. Suppose -j + r = 3*j. List the prime factors of j.
29
Suppose 0 = -2*t + 10, -2 = 5*i - t - 7. Let x be 1/(-2) + (-95)/(-10). List the prime factors of (-7 - -9)/(i/x).
3
Let t be 1/((-5)/10) + 4. List the prime factors of (t - 0)/(2 + -1).
2
Let l(p) = 142*p + 117. List the prime factors of l(4).
5, 137
Suppose -2*w + 0*w + 914 = 0. What are the prime factors of w?
457
List the prime factors of 12992/30 - 20/300.
433
Let w(v) = -v**3 - 5*v**2 - 7*v + 24. List the prime factors of w(-5).
59
Let u = -934 - -2621. List the prime factors of u.
7, 241
Suppose b + 108 = 2*b. Suppose c + 5*c = -b. List the prime factors of 9/2*(-60)/c.
3, 5
Let w(o) = 3*o + 10. Let c be w(-4). List the prime factors of (-9)/(-6)*c - -71.
2, 17
Suppose 5*u = 5 + 5. Let x(q) = 2*q - 2. Let o be x(u). Suppose -7*g - 2*i + 15 = -o*g, g = 4*i + 25. What are the prime factors of g?
5
Let u = 726 + -255. What are the prime factors of u?
3, 157
Let w = -19 - -45. Let g = -2 + w. List the prime factors of g.
2, 3
Let t be 988/6 + 1/((-12)/8). Let r = t - 64. List the prime factors of r.
2, 5
Let n = 29 - 33. Let s(c) = -3*c - 6. Let x be s(n). Suppose 2*a = x*a - 52. List the prime factors of a.
13
Let x be 0/(84/(-70)*10/(-4)). Let f = 1 + 27. Suppose 4*i + 64 = -x*c + 2*c, c - i = f. What are the prime factors of c?
2, 3
Suppose -5621 = -14*f + 4473. List the prime factors of f.
7, 103
Let k be (-2)/((-2)/8*2). Let l be (-1*(1 - -1))/(-2). List the prime factors of 2/k*46 + l.
2, 3
List the prime factors of (1 - -367)*784/64.
2, 7, 23
Suppose -9*n + 4*n + 220 = 0. List the prime factors of n.
2, 11
Let j = -130 + 822. What are the prime factors of j?
2, 173
Suppose 11903 = 20*i + 703. What are the prime factors of i?
2, 5, 7
Let r(n) = 0 + n + 4 + 0 + 5. Let u be r(-6). Suppose -5*o + 2*h = -30, 13 = u*o - 2*o + h. What are the prime factors of o?
2
Let f(b) = b**3 + 13*b**2 + 10*b + 3. Let l be f(-10). Suppose 7*t = 105 + l. Suppose 5*p - t + 9 = 0. What are the prime factors of p?
7
Let z = -2946 + 6882. List the prime factors of z.
2, 3, 41
Let b = 34 - 32. Suppose a = -a + b*n + 146, n - 65 = -a. What are the prime factors of a?
3, 23
Let y(m) = m**2 - 19*m + 40. What are the prime factors of y(26)?
2, 3, 37
Let x(k) = 66*k + 2. Let i be x(1). Let c = i - 13. List the prime factors of c.
5, 11
Suppose v = 98 + 35. Let q = v - 74. What are the prime factors of q?
59
Let i(q) = -q**2 + q - 1. Let r(h) = h**3 + 4*h**2 - h + 2. Let z(m) = -3*i(m) - r(m). Suppose 46*n = 44*n - 4. What are the prime factors of z(n)?
3
Suppose 7*a - 2945 = 2*a. List the prime factors of a.
19, 31
Let b = 622 + 281. What are the prime factors of b?
3, 7, 43
Suppose 4*l = -9*l + 143. Suppose 2*b - 65 - l = 5*w, 5*w - 68 = -b. What are the prime factors of b?
2, 3
Let o(d) be the second derivative of d**4/12 + 4*d**3/3 + 5*d**2 - 4*d. Let l be o(-8). Let k = 13 - l. List the prime factors of k.
3
What are the prime factors of (9/(-6) + 1)/((-5)/24790)?
37, 67
Let d(k) = 17*k - 1. Let l be d(-1). Let q = 17 + l. Let g(h) = 36*h**2 + 2*h + 1. What are the prime factors of g(q)?
5, 7
Let q(m) = -2*m + 174. Let s be q(0). Suppose s = 5*n - 366. Suppose -n = -4*c - 2*c. List the prime factors of c.
2, 3
Suppose 0 = q + 5*l - 10, 0 = 4*q - 7*q + l + 110. List the prime factors of (-28)/q + 19/5.
3
Let w be (1 - -1) + 306 + -14. List the prime factors of (6/18)/(1/w).
2, 7
Suppose -z = 4*z + 4*h + 12, -3*z - 15 = 5*h. Suppose 3*w + 2*w + 50 = z. What are the prime factors of 4*1 + w + 11?
5
Let z(m) be the second derivative of m**4/4 + 5*m**3/6 - 9*m**2/2 - 5*m + 1. List the prime factors of z(-4).
19
Let z(k) = 11*k - 16. Let q be z(17). Suppose 669 = 8*l - q. List the prime factors of l.
3, 5, 7
What are the prime factors of 3*4/(-66) - (-530215)/385?
3, 17
Let x(o) = 25*o + 486. What are the prime factors of x(0)?
2, 3
Let t = -63 + 73. What are the prime factors of -110*(-5)/t*1?
5, 11
Suppose 52*w = 60*w - 408. Let v(h) = h**3 - 4*h**2 + h - 2. Let g be v(4). Suppose -33 + 2 = -g*d + r, 3*r = 3*d - w. List the prime factors of d.
2, 7
Suppose 2*w + 1399 = r, -4*w + 2822 = 2*r - 0*w. List the prime factors of r.
5, 281
Let o(t) = -4*t - 2. Let h(r) = 9 - 7*r + 2 + 2*r - 13. Let x(z) = -3*h(z) + 4*o(z). List the prime factors of x(-11).
3
Let y = 188 - -158. What are the prime factors of y?
2, 173
Let n(u) = u - 4. Let h be n(-1). What are the prime factors of -2 + ((-2)/h - 2238/(-30))?
73
Suppose 9 = -5*i - 21. Let k be (-3)/i + 114/4. Suppose 4*w - 8 - 48 = 2*c, 0 = 3*w + 5*c - k. List the prime factors of w.
13
Let u = 412 + -285. What are the prime factors of u?
127
Suppose 0*h = -h + 88. List the prime factors of 3 - h/(8/(-4)).
47
Let z be (4/(-8))/((-2)/(-8)). Let h be 0*z/(-6) + 2. Suppose h*c - 3*g = -2*g + 34, 4*c - 74 = 5*g. What are the prime factors of c?
2
Let k(q) = -31*q + 39. Let m be k(-18). Suppose 0*w = -4*w - 12, 5*l + w = m. What are the prime factors of l?
2, 3, 5
Suppose 20 = -4*b, -4*v - 2 = b + b. Suppose 0 = -8*i + 4*i + 20. Suppose 4*x - 37 = 3*x + 3*d, -v*d + 270 = i*x. List the prime factors of x.
2, 13
Let v(y) = y**3 + 9*y**2 + 7*y - 10. Let o be v(-8). Suppose -n - 4*p + 20 = 0, 0 = 2*n - p - 3*p - 88. List the prime factors of o/(-1 - (-33)/n).
2, 3
Let n(j) = -2*j**2 - 77*j - 6. What are the prime factors of n(-12)?
2, 3, 5, 7
Suppose -2*q + 10318 = 4*w, 2*q + 7742 = -5*w + 8*w. List the prime factors of w.
2, 3, 5, 43
Let y = -297 - -437. Let u = 60 + y. What are the prime factors